13?
1
What is the thousands digit of 4182?
4
What is the ten thousands digit of 10277?
1
What is the ten thousands digit of 91020?
9
What is the units digit of 4079?
9
What is the tens digit of 2549?
4
What is the ten thousands digit of 26952?
2
What is the thousands digit of 12721?
2
What is the hundreds digit of 24235?
2
What is the thousands digit of 4106?
4
What is the hundreds digit of 118823?
8
What is the tens digit of 4163?
6
What is the tens digit of 782?
8
What is the tens digit of 9334?
3
What is the ten thousands digit of 20268?
2
What is the thousands digit of 2572?
2
What is the ten thousands digit of 16796?
1
What is the thousands digit of 10001?
0
What is the units digit of 41764?
4
What is the units digit of 2171?
1
What is the units digit of 1144?
4
What is the units digit of 596?
6
What is the units digit of 23598?
8
What is the tens digit of 331?
3
What is the hundreds digit of 4653?
6
What is the hundred thousands digit of 141008?
1
What is the tens digit of 4881?
8
What is the units digit of 72622?
2
What is the ten thousands digit of 21472?
2
What is the units digit of 1858?
8
What is the tens digit of 6905?
0
What is the tens digit of 120?
2
What is the hundreds digit of 251?
2
What is the hundreds digit of 361?
3
What is the hundreds digit of 3344?
3
What is the units digit of 40311?
1
What is the units digit of 6092?
2
What is the units digit of 537?
7
What is the units digit of 1559?
9
What is the ten thousands digit of 84138?
8
What is the hundreds digit of 1430?
4
What is the thousands digit of 2578?
2
What is the ten thousands digit of 12915?
1
What is the units digit of 1723?
3
What is the tens digit of 42328?
2
What is the hundreds digit of 545?
5
What is the hundreds digit of 1087?
0
What is the hundreds digit of 533?
5
What is the hundreds digit of 2363?
3
What is the hundreds digit of 259?
2
What is the units digit of 43190?
0
What is the tens digit of 90103?
0
What is the hundreds digit of 86064?
0
What is the tens digit of 4769?
6
What is the hundreds digit of 2498?
4
What is the hundreds digit of 242?
2
What is the tens digit of 1154?
5
What is the units digit of 5727?
7
What is the hundreds digit of 1521?
5
What is the ten thousands digit of 78782?
7
What is the tens digit of 861?
6
What is the ten thousands digit of 54867?
5
What is the ten thousands digit of 26923?
2
What is the thousands digit of 1287?
1
What is the hundreds digit of 1942?
9
What is the tens digit of 32205?
0
What is the thousands digit of 35973?
5
What is the tens digit of 24614?
1
What is the ten thousands digit of 164463?
6
What is the tens digit of 4549?
4
What is the ten thousands digit of 26459?
2
What is the tens digit of 1289?
8
What is the ten thousands digit of 11075?
1
What is the units digit of 2483?
3
What is the ten thousands digit of 12229?
1
What is the thousands digit of 5816?
5
What is the thousands digit of 1112?
1
What is the hundreds digit of 861?
8
What is the tens digit of 51?
5
What is the hundreds digit of 4556?
5
What is the hundreds digit of 20980?
9
What is the hundreds digit of 822?
8
What is the hundreds digit of 414?
4
What is the hundreds digit of 4262?
2
What is the thousands digit of 14590?
4
What is the units digit of 8072?
2
What is the units digit of 25356?
6
What is the ten thousands digit of 79869?
7
What is the tens digit of 120291?
9
What is the hundreds digit of 1535?
5
What is the thousands digit of 3423?
3
What is the tens digit of 41453?
5
What is the tens digit of 14586?
8
What is the units digit of 1217?
7
What is the units digit of 7544?
4
What is the tens digit of 48?
4
What is the thousands digit of 107488?
7
What is the thousands digit of 1730?
1
What is the units digit of 37694?
4
What is the tens digit of 11043?
4
What is the ten thousands digit of 30277?
3
What is the units digit of 19395?
5
What is the thousands digit of 42602?
2
What is the hundreds digit of 74388?
3
What is the units digit of 1103?
3
What is the tens digit of 4923?
2
What is the units digit of 23?
3
What is the hundreds digit of 2028?
0
What is the thousands digit of 4624?
4
What is the thousands digit of 31864?
1
What is the ten thousands digit of 27198?
2
What is the thousands digit of 1611?
1
What is the units digit of 67?
7
What is the thousands digit of 2962?
2
What is the tens digit of 28592?
9
What is the tens digit of 92810?
1
What is the units digit of 44635?
5
What is the hundreds digit of 2592?
5
What is the hundreds digit of 9019?
0
What is the units digit of 5349?
9
What is the ten thousands digit of 10316?
1
What is the units digit of 90944?
4
What is the ten thousands digit of 37264?
3
What is the tens digit of 2989?
8
What is the thousands digit of 4729?
4
What is the hundreds digit of 7714?
7
What is the tens digit of 2175?
7
What is the units digit of 46?
6
What is the thousands digit of 3755?
3
What is the ten thousands digit of 112396?
1
What is the hundreds digit of 5578?
5
What is the units digit of 983?
3
What is the units digit of 37353?
3
What is the tens digit of 12137?
3
What is the hundreds digit of 22048?
0
What is the hundreds digit of 660?
6
What is the hundreds digit of 16846?
8
What is the ten thousands digit of 106843?
0
What is the units digit of 861?
1
What is the tens digit of 6709?
0
What is the hundreds digit of 4463?
4
What is the ten thousands digit of 13225?
1
What is the tens digit of 34454?
5
What is the ten thousands digit of 21179?
2
What is the tens digit of 3834?
3
What is the units digit of 4370?
0
What is the thousands digit of 31631?
1
What is the units digit of 2324?
4
What is the thousands digit of 61215?
1
What is the hundreds digit of 309?
3
What is the hundreds digit of 1161?
1
What is the units digit of 1598?
8
What is the hundreds digit of 26157?
1
What is the ten thousands digit of 21929?
2
What is the units digit of 4648?
8
What is the thousands digit of 147058?
7
What is the units digit of 31596?
6
What is the tens digit of 67612?
1
What is the thousands digit of 2430?
2
What is the thousands digit of 1755?
1
What is the units digit of 32395?
5
What is the hundreds digit of 7530?
5
What is the thousands digit of 3644?
3
What is the thousands digit of 5023?
5
What is the hundreds digit of 43939?
9
What is the tens digit of 17?
1
What is the units digit of 84001?
1
What is the thousands digit of 2582?
2
What is the thousands digit of 34061?
4
What is the thousands digit of 1695?
1
What is the thousands digit of 73113?
3
What is the tens digit of 48836?
3
What is the tens digit of 15684?
8
What is the thousands digit of 32493?
2
What is the thousands digit of 5408?
5
What is the tens digit of 3973?
7
What is the thousands digit of 21890?
1
What is the thousands digit of 7367?
7
What is the thousands digit of 2327?
2
What is the tens digit of 3871?
7
What is the hundreds digit of 2416?
4
What is the tens digit of 2943?
4
What is the thousands digit of 2344?
2
What is the thousands digit of 18972?
8
What is the tens digit of 1955?
5
What is the hundreds digit of 5025?
0
What is the thousands digit of 1146?
1
What is the hundreds digit of 5996?
9
What is the thousands digit of 1926?
1
What is the tens digit of 392?
9
What is the thousands digit of 4692?
4
What is the thousands digit of 21783?
1
What is the units digit of 90460?
0
What is the tens digit of 28884?
8
What is the hundreds digit of 1745?
7
What is the units digit of 35076?
6
What is the thousands digit of 74675?
4
What is the units digit of 61523?
3
What is the tens digit of 379?
7
What is the thousands digit of 39553?
9
What is the tens digit of 79024?
2
What is the units digit of 807?
7
What is the units digit of 769?
9
What is the thousands digit of 52481?
2
What is the tens digit of 2889?
8
What is the units digit of 30166?
6
What is the tens digit of 3690?
9
What is the tens digit of 4819?
1
What is the units digit of 12259?
9
What is the tens digit of 3597?
9
What is the hundreds digit of 1113?
1
What is the units digit of 65802?
2
What is the tens digit of 343?
4
What is the tens digit of 13217?
1
What is the hundreds digit of 967?
9
What is the thousands digit of 1402?
1
What is the hundreds digit of 445?
4
What is the thousands digit of 37060?
7
What is the units digit of 3573?
3
Wha